+ 4*b**2 - 17*b - 13 + 10. Calculate the remainder when i(-6) is divided by 62.
48
Let n = 60452 + -60439. Let g(b) = b**3 + 6*b**2 - 7*b - 2. What is the remainder when g(-5) is divided by n?
6
Suppose -4*v - 4*l = -36, -5*v + 3*l = -9*v + 35. Calculate the remainder when (1 - 1) + (3 - -58) is divided by (v/6)/((-372)/(-3627)).
9
Let x = 6070 + -6054. What is the remainder when 1438 is divided by x?
14
Let d(w) = -w**3 + 28*w**2 - 18*w + 246. What is the remainder when d(27) is divided by 5?
4
Suppose -221*v - 69*v = -11*v - 45198. Calculate the remainder when v is divided by 35.
22
Suppose 4*p - u - 10905 = 0, 2*u + 8180 = 2*p + p. What is the remainder when p is divided by 31?
29
Let q(u) = u**2 - u**3 + 12*u**2 - 2*u + 5*u - 2*u + 3. Suppose -152 = -4*z + 2*z. What is the remainder when z is divided by q(13)?
12
Let j be (-24)/(-9) + 5/(-45)*-3. Suppose -j*d = 8*d - 77. Calculate the remainder when 23 is divided by d.
2
What is the remainder when 5935 is divided by (2 - (-11)/(-198)*9)/(3/212)?
105
Let v be (140/3)/14*(4 - 1). Calculate the remainder when (-1)/(-5) - (v - 3564/30) is divided by 3.
1
Let a(y) = 4*y**2 + 21*y - 42. Let u(w) = 11 + 2*w - 15 + 2*w. What is the remainder when u(4) is divided by a(-7)?
5
Suppose -4*t - 4 = 2*z, 0 = -11*z + 14*z - 6. Calculate the remainder when 232 is divided by (t/(-6 - 6))/(3/846).
44
Suppose -3*o + 12 = 0, f = -5*o + 15 + 3. Calculate the remainder when (10/(-15))/(f/171) is divided by 30.
27
Let k = 87 - 0. Suppose -6*t - k = -27. Let u = t - -14. What is the remainder when 15 is divided by u?
3
Suppose -60*v + 37037 = 83*v. What is the remainder when v is divided by 13?
12
Suppose u - y = 6*u - 9, 2*y = 3*u - 8. Let n be (600/(-32))/(18/48). Let q = n - -56. What is the remainder when q is divided by u?
0
Let w = -9981 + 10156. What is the remainder when w is divided by (10/(-6))/(20/(-180))?
10
Let w be (-2)/(4/(-3)) + (-1)/(-2). What is the remainder when 15 is divided by 2*(w + -4 + 7)?
5
Let z(k) be the third derivative of -k**5/60 + 11*k**4/12 - 37*k**3/6 + 54*k**2. What is the remainder when z(15) is divided by 12?
8
Suppose 14969 - 32313 = -330*o + 33806. Calculate the remainder when o is divided by 7.
1
Let o(f) = -105*f + 53. What is the remainder when 98 is divided by o(0)?
45
Suppose 4*i - 29 = -2*k + 157, -5*k + 3*i = -426. Let v be ((-32)/(-24))/(3*4/3474). Let z = v + -371. Calculate the remainder when k is divided by z.
12
Let y = 1457 + -1364. What is the remainder when 2045 is divided by y?
92
Suppose 4*d = 9 - 21. What is the remainder when 32 is divided by 11 + d/(-6)*-10?
2
What is the remainder when (-442)/(-5) - 704/(-440) is divided by ((-8)/10)/((-7)/105)?
6
What is the remainder when 777/9 - (-1)/(-3) is divided by (-1 + (-4)/(-1))*(-170)/(-15)?
18
Let n(t) = 17*t + 32. Let j be n(-4). Let w = j + 270. Suppose -4*z - 4 = 0, 4*u - w = 3*z + 117. What is the remainder when u is divided by 22?
21
Let l = -3334 + 3343. What is the remainder when 7306 is divided by l?
7
Suppose -3*g - 18 = -99. Suppose 3 = 5*m - 2, -3*v = 2*m - 17. Suppose -60 = -v*c - c. What is the remainder when g is divided by c?
7
Suppose 376 + 1153 - 101 = 4*j. Calculate the remainder when j is divided by 23.
12
What is the remainder when 457 is divided by 8/(20 - -36) - 97/(-7)?
9
Let g = -66 + 125. Let m(q) be the second derivative of -q**4/12 - q**3/2 + 23*q**2 + 86*q. What is the remainder when g is divided by m(-8)?
5
Let m(o) = -o**3 + 28*o**2 - 40*o - 61. What is the remainder when m(25) is divided by 6?
4
Let b(l) = 5*l**2 + 51*l - 374. Calculate the remainder when b(12) is divided by 20.
18
Suppose 11*a = 45*a - 5984. Let j = 266 + a. What is the remainder when j is divided by 37?
35
Let i be 65/(-26)*16/(-10). Suppose -4*k = -4*l + 24, -i*l = -6*l - k + 24. Calculate the remainder when 29 is divided by l.
9
Let f(l) = -3*l**3 + 26*l**2 - 42*l - 19. What is the remainder when 93 is divided by f(6)?
8
Let g be (-3*4/12)/(2/(-364)). Let l = g + -159. Calculate the remainder when l is divided by 3.
2
Suppose 2*o - 4 = 2. Suppose -7*i + o*i + 102 = p, 4*i - 3*p - 110 = 0. What is the remainder when 178 is divided by i?
22
Suppose -9 = 2*m - 13. Suppose m*x + 25 = 3*x. Calculate the remainder when x is divided by 65/15*((-1 - 3) + 7).
12
Let u(y) = 4*y + 1885. What is the remainder when u(32) is divided by 56?
53
What is the remainder when 1499 is divided by 377*(504/(-21) + 25)?
368
Let x = 2760 + -1831. Calculate the remainder when x is divided by 15.
14
Suppose 5*r = 15, 2*z + r - 3 + 0 = 0. What is the remainder when 49 is divided by (11/2 + z)/((-4)/(-8))?
5
Suppose -8*v + 3*v + 12 = 4*u, u = v + 3. Suppose 42 = w - s, -2*w + 5*s + 84 = -v*s. Calculate the remainder when 251 is divided by w.
41
Let h be ((48/(-18))/(-4))/(2/(-12)). Let f be h - (3 - -465)/4. Let x = -73 - f. What is the remainder when x is divided by 13?
9
Suppose 0 = -27*k + 194 + 951 + 97. What is the remainder when k is divided by 33?
13
Let f = 673 - 655. What is the remainder when 53 is divided by (f + -3 + -2)*3/3?
1
Suppose -3*s + 63 = 2*s - 3*f, s - 14 = 2*f. Suppose 3087 = 4*z + 1091. Suppose -2 = 7*i - z. What is the remainder when i is divided by s?
11
Let b(m) = -2*m + 11 + m + 6. Let t be b(13). What is the remainder when 6 is divided by (t/8)/(3/12)?
0
Suppose -5*g + 5*b - 90 = 0, 47 = -5*g + b - 27. Let m be (-1)/3*7/(g/30). What is the remainder when 55 is divided by m*-2*42/(-15)?
27
Let m be (1 - 452/8)*2. Let q = -42 - m. Suppose 0 = -3*x + 261 - q. Calculate the remainder when x is divided by 11.
9
Suppose -5*o - 17*o + 17688 = 0. Let d = 855 - o. Calculate the remainder when 406 is divided by d.
49
Calculate the remainder when (-4*(738/20 + -1))/((-210)/1050) is divided by 183.
169
Let x(r) = 4*r**2 - 75*r + 320. Suppose 2892 = 5*p - 878. What is the remainder when p is divided by x(4)?
82
Let u(z) = -20*z - 2. What is the remainder when u(-4) is divided by 779/37 + (-3448)/63788?
15
Suppose 35 - 17 = 9*o. What is the remainder when o/((52/30)/13) is divided by 7?
1
Suppose -12*m + 1371 = -17*b + 14*b, 5*m = -b + 569. Calculate the remainder when 658 is divided by m.
88
Suppose 2*w - 2*k = 296, -k = 2*w + 90 - 371. Let s be (-790)/(-55) - 14 - 3358/(-22). Let y = s - w. What is the remainder when 12 is divided by y?
2
Let s = -6 + 20. Let p(l) = l**3 + 8*l**2 + 7*l + 16. Let i be p(-5). Let x = i - 50. What is the remainder when s is divided by x?
2
Let t = 177834 + -177815. Suppose -64 + 203 = l. Calculate the remainder when l is divided by t.
6
Suppose -42 - 138 = -9*m. Let b = 52 - m. Suppose -2*d + 10 = h - 9, -3*d - 5*h = -b. Calculate the remainder when 25 is divided by d.
7
Suppose 10*a - 96 = -62*a + 40*a. What is the remainder when 58 is divided by a?
1
Let c(v) = 9*v**2 - 2*v + 4. Let h be c(-2). Let g = 47 - h. Suppose -g*f + 98 = 23. What is the remainder when 98 is divided by f?
23
Let i be (-2)/(-18) + (-1222)/(-18). Suppose 2*x + 2*x - 2*a - i = 0, -5*x + a + 85 = 0. Let y = -90 + 140. Calculate the remainder when y is divided by x.
16
What is the remainder when ((-40)/(-2 + -2))/(14/10402) is divided by 11?
5
Suppose 4*c = -5*a - c + 65, -5*a = -4*c - 56. Let j = -137 + 159. Calculate the remainder when (-13 + 1)*(-1)/(8/j) is divided by a.
9
Suppose 3*x = -0*x. Suppose 78*h - 75*h - 81 = x. Let k(b) = -9*b + 161. What is the remainder when k(13) is divided by h?
17
Suppose -910 = -2*o + 36*t - 35*t, -5*t + 922 = 2*o. What is the remainder when o is divided by 115?
111
What is the remainder when 995 is divided by (10*(-3390)/(-600))/(2/4)?
91
Let r(d) = 2*d**2 + 15*d + 13. Let k be r(-10). Suppose 0 = -2*h + 51 + k. Let z = 112 - 102. What is the remainder when h is divided by z?
7
Let n(j) be the second derivative of -j**4/12 - 41*j**3/6 - 171*j**2/2 + 218*j. Calculate the remainder when n(-29) is divided by -1 + 38/4*2.
15
Calculate the remainder when (-2)/(-5) + (-2499)/(-15) is divided by (-2070)/5175 + (-2 - 234/(-10)).
20
Let l = 40847 - 29059. What is the remainder when l is divided by 67?
63
Let a = 2444 - 2435. Let m(n) = n + 40. Let r be m(0). Suppose -a*w + w = -r. What is the remainder when 10 is divided by w?
0
Let x = -4127 + 4467. Calculate the remainder when x is d